118
What is the highest common divisor of 28 and 4991?
7
What is the highest common divisor of 26 and 13754?
26
Calculate the greatest common divisor of 90714 and 208.
26
Calculate the highest common factor of 74954 and 22.
22
Calculate the highest common divisor of 4442 and 7322637.
2221
Calculate the greatest common factor of 116 and 276457.
29
What is the greatest common factor of 32 and 213684?
4
Calculate the greatest common divisor of 154 and 34848.
22
Calculate the greatest common factor of 116 and 15979.
29
What is the highest common factor of 31160 and 55760?
1640
Calculate the greatest common factor of 710 and 230.
10
What is the greatest common factor of 4304 and 6187?
269
What is the greatest common factor of 186 and 35526?
186
What is the highest common divisor of 23347 and 629?
37
Calculate the greatest common divisor of 2 and 1103.
1
What is the greatest common divisor of 20923 and 122?
61
What is the greatest common factor of 532 and 3101?
7
What is the highest common factor of 40 and 3780?
20
What is the highest common divisor of 163667 and 10094?
721
What is the highest common divisor of 109530 and 810?
90
What is the greatest common divisor of 147784 and 14?
14
What is the highest common divisor of 264 and 13512?
24
Calculate the greatest common divisor of 5610 and 59466.
1122
Calculate the greatest common divisor of 68906 and 2096.
262
Calculate the greatest common factor of 3488 and 128.
32
Calculate the greatest common divisor of 2650 and 4500.
50
Calculate the greatest common factor of 20748 and 2128.
532
Calculate the greatest common divisor of 1568 and 632.
8
What is the highest common factor of 3144678 and 6?
6
What is the highest common divisor of 946143 and 495?
99
Calculate the greatest common divisor of 3834 and 8236.
142
What is the greatest common divisor of 37000 and 63000?
1000
What is the highest common factor of 290 and 152975?
145
Calculate the greatest common factor of 224 and 254128.
112
What is the greatest common divisor of 75 and 659925?
75
What is the highest common divisor of 2052 and 33896?
76
What is the highest common divisor of 9785 and 285?
95
What is the greatest common divisor of 47234 and 242?
22
Calculate the greatest common divisor of 3144 and 1212.
12
Calculate the highest common divisor of 124 and 173476.
124
Calculate the greatest common factor of 2245 and 21103.
449
Calculate the highest common divisor of 2402562 and 6.
6
Calculate the greatest common factor of 8142 and 51330.
354
What is the greatest common factor of 32149469 and 1909?
1909
Calculate the highest common factor of 91332 and 387.
387
Calculate the greatest common divisor of 5 and 97535.
5
What is the greatest common factor of 10 and 114210?
10
What is the highest common factor of 162 and 61044?
6
What is the highest common factor of 6635 and 15?
5
What is the highest common factor of 5640 and 2760?
120
What is the greatest common divisor of 31445 and 14820?
95
Calculate the greatest common divisor of 312359 and 145.
29
Calculate the highest common divisor of 11319 and 143.
11
What is the greatest common divisor of 162743 and 335?
67
What is the greatest common factor of 5580416 and 640?
128
Calculate the greatest common factor of 2430 and 336798.
486
Calculate the highest common factor of 52953 and 228.
57
Calculate the highest common factor of 154363 and 88.
11
Calculate the highest common factor of 13 and 974389.
13
Calculate the greatest common factor of 112 and 3553648.
112
Calculate the highest common divisor of 7889 and 196.
49
What is the highest common divisor of 1159660 and 460?
460
Calculate the highest common factor of 1254636 and 432.
108
Calculate the greatest common divisor of 394060 and 10880.
340
What is the highest common factor of 184384 and 344?
344
What is the highest common divisor of 49897 and 143606?
1217
What is the greatest common factor of 259 and 8843?
37
Calculate the greatest common divisor of 6302 and 10001.
137
Calculate the highest common factor of 292 and 11748328.
292
Calculate the greatest common divisor of 3588 and 66846.
78
Calculate the highest common divisor of 42504 and 3740.
44
Calculate the highest common factor of 20817 and 63.
9
What is the greatest common factor of 30 and 2598?
6
Calculate the highest common divisor of 1392 and 24300.
12
Calculate the greatest common divisor of 203 and 1535231.
29
Calculate the highest common divisor of 256 and 2848.
32
What is the greatest common factor of 4818 and 1221?
33
Calculate the highest common factor of 100906 and 117.
13
What is the highest common factor of 1989578 and 136?
34
What is the highest common divisor of 107583 and 1316?
329
Calculate the highest common factor of 32571 and 77.
77
Calculate the highest common divisor of 1209732 and 12.
12
What is the greatest common divisor of 1771664 and 16?
16
Calculate the highest common divisor of 155792 and 2128.
112
Calculate the highest common factor of 477 and 14681.
53
What is the highest common divisor of 47 and 3421?
1
What is the highest common divisor of 60 and 684195?
15
Calculate the greatest common factor of 2907 and 41463.
153
Calculate the highest common factor of 2975 and 16745.
85
What is the greatest common divisor of 582659 and 34937?
1127
Calculate the highest common factor of 20 and 62930.
10
Calculate the highest common divisor of 116 and 454807.
29
What is the greatest common factor of 2100 and 79940?
140
Calculate the greatest common divisor of 48 and 560520.
24
What is the greatest common factor of 21 and 3347?
1
Calculate the greatest common factor of 1800 and 20925.
225
What is the greatest common factor of 20 and 11588?
4
Calculate the highest common factor of 603 and 18023.
67
Calculate the highest common factor of 30 and 4965.
15
What is the highest common divisor of 113202 and 1254?
114
Calculate the greatest common factor of 14113 and 1102097.
1283
What is the greatest common divisor of 2616363 and 45?
9
What is the highest common factor of 51 and 189669?
51
Calculate the highest common factor of 40 and 1394860.
20
What is the highest common divisor of 174360 and 120?
120
What is the greatest common divisor of 1640 and 256?
8
What is the greatest common factor of 13095 and 1080?
135
Calculate the greatest common divisor of 124131 and 13524.
483
Calculate the highest common divisor of 8722 and 30870.
98
Calculate the greatest common divisor of 28 and 506394.
14
Calculate the highest common divisor of 4278061 and 839.
839
What is the highest common divisor of 549 and 180804?
183
Calculate the highest common factor of 1013 and 661489.
1013
Calculate the greatest common divisor of 324 and 266688.
36
Calculate the greatest common divisor of 45024 and 1273.
67
Calculate the greatest common divisor of 75 and 4600.
25
What is the greatest common factor of 5925 and 8769?
237
Calculate the greatest common divisor of 30687 and 193.
193
What is the highest common divisor of 20 and 540590?
10
Calculate the greatest common factor of 7133 and 161.
7
What is the greatest common divisor of 711 and 61936?
79
Calculate the highest common divisor of 232 and 505544.
8
Calculate the highest common divisor of 27695 and 232.
29
What is the greatest common divisor of 44 and 561308?
44
What is the highest common divisor of 707535 and 2025?
405
What is the highest common factor of 18289 and 1?
1
Calculate the highest common divisor of 1485 and 1107.
27
Calculate the greatest common factor of 35177 and 58.
29
Calculate the highest common factor of 1537 and 4726275.
1537
Calculate the greatest common divisor of 75629 and 1.
1
What is the greatest common divisor of 1661685 and 60?
15
Calculate the highest common factor of 1755 and 179270.
65
What is the highest common factor of 609 and 79373?
203
What is the greatest common divisor of 120 and 1052736?
24
Calculate the greatest common divisor of 12661 and 55.
11
Calculate the highest common divisor of 19 and 739423.
19
What is the highest common factor of 16100 and 12719?
161
Calculate the highest common factor of 25450 and 2800.
50
Calculate the highest common divisor of 10025 and 103.
1
Calculate the greatest common divisor of 659990 and 434.
62
Calculate the greatest common divisor of 112 and 5250.
14
What is the greatest common 